ppose -2*f - 242 = -2*x, -4*x + 367 = -x - 5*f. Is 46 a factor of x?
False
Let v(f) be the first derivative of -f**4/4 + 7*f**3/3 - f**2 + 2*f + 4. Is 14 a factor of v(4)?
True
Let m(o) = -o**2 - o. Let s be m(-1). Suppose s*l = -2*l + 32. Does 5 divide l?
False
Suppose -z + 50 = -6. Is z a multiple of 14?
True
Let h = -188 - -269. Suppose h = 5*c - 359. Let a = -46 + c. Is a a multiple of 14?
True
Suppose -2*q + 24 = q. Let c = q - 10. Is 12 a factor of -2 + 28 + (c - -2)?
False
Let b = -99 + 129. Is b even?
True
Let s be ((-1)/(-3))/((-4)/(-24)). Suppose s*j - j - 12 = 0. Does 12 divide j?
True
Suppose -177 = -2*v + 25. Is v a multiple of 28?
False
Let q be (0 - 1) + (12 - 7). Suppose 3*g - 65 = -0*k + 5*k, -q*g + k + 81 = 0. Does 11 divide g?
False
Does 21 divide (5 - (-579)/(-15))/(1/(-5))?
True
Suppose -8 = s + 3*b - 4*b, 0 = -4*s + b - 35. Does 14 divide 21/(s/(-12) - 0)?
True
Does 29 divide 2664/30 + (-2)/(-10)?
False
Suppose -5*j + j + 16 = 0. Suppose j*m - 27 = -83. Let p = m - -36. Does 11 divide p?
True
Let n = -43 + 106. Is 3 a factor of n?
True
Is 4 a factor of (-6)/1*(0 + (-21)/9)?
False
Suppose t - 84 = m, -t - 3*m + 436 = 4*t. Does 16 divide t?
False
Let f = 1 - 6. Let w(u) = -u**3 - 5*u**2 - 4*u - 9. Is w(f) a multiple of 5?
False
Let s = 45 + 2. Is s a multiple of 17?
False
Let f(g) = 3*g - 6. Let i be f(6). Let d = i + -6. Does 2 divide d?
True
Suppose 6*z - 492 = 966. Does 27 divide z?
True
Does 6 divide 70 - (-2 + -2 + 1)?
False
Suppose 0 = -5*f + f + 12. Suppose -f*p = 5*u - 8, 4*u - 3 - 13 = 0. Let r(y) = y**3 + 5*y**2 + 3*y + 4. Is 8 a factor of r(p)?
True
Let n(u) = 0 + 1 - 5*u**2 + 4 - 4*u - u**3. Let a be n(-4). Let w = a - 3. Is 2 a factor of w?
True
Let h be -9*2/6*-1. Suppose -2*i = h*i + 4*x - 22, 0 = 4*i - x - 5. Is i a multiple of 2?
True
Suppose 28*l - 100 = 23*l. Does 2 divide l?
True
Suppose 3*g + 2*r - 5 - 21 = 0, -4 = -r. Suppose p = -3*p + 16. Suppose -u + g = k, u - 4*u - p = k. Does 11 divide k?
True
Let v(w) = -5*w - 1. Is v(-6) a multiple of 12?
False
Suppose 4*w + 0*w = 0. Suppose -2*f = -0*f - 10. Suppose d - 2*d + f = w. Does 5 divide d?
True
Let a = -16 + 10. Let m be (-6)/(-9) - 38/a. Let c(k) = k**2 - 3*k - 8. Does 10 divide c(m)?
True
Is -6*118/(-8) - 7/(-14) a multiple of 19?
False
Suppose -3*o + 2*c = 2*o - 17, 5*c = -5. Is o a multiple of 2?
False
Let q be ((-3)/(-4))/((-2)/32). Let s be 1/(-3) + (-64)/q. Is 9 a factor of s/(15/6 - 2)?
False
Does 9 divide 16 + (10 - 0)/5?
True
Let l be (28/(-16))/((-2)/(-8)). Let k = 24 + l. Is 8 a factor of k?
False
Suppose -204 = 2*i - 6*i. Suppose 0 = 3*d - 3*u - 366, 4*u = -d - i + 178. Let k = d + -71. Is k a multiple of 23?
False
Let l be (3*-9)/(-3)*5. Suppose 4*b + 5*h = 62, b - l = -2*b - 3*h. Suppose 8 = 3*g - b. Does 7 divide g?
True
Let m(x) = 3 + 0*x + 5*x - 4*x. Is 9 a factor of m(6)?
True
Let u(c) = 3*c + 4*c**2 + c**3 - 6*c**2 + 2*c**2 + 4*c**2. Let k be u(-3). Is 19 a factor of 1 + 2*9 + k?
True
Let w(n) = n**2 - 7*n. Let i be w(5). Is (5/i)/((-1)/28) a multiple of 7?
True
Suppose 51*l = 54*l - 552. Is 8 a factor of l?
True
Suppose -4*q - 3*k = -q - 48, k = 4*q - 74. Does 6 divide q?
True
Let y(i) = -i**3 - 5*i**2 - 4*i + 9. Is y(-6) a multiple of 23?
True
Suppose 2*p - 26 = 4*p. Let w = 8 + p. Let c = 2 - w. Is 7 a factor of c?
True
Let h(y) = y**3 - 5*y**2 + 5*y - 6. Let w(f) = f**2 - f + 5. Let c be w(0). Is h(c) a multiple of 10?
False
Let c be (11/22)/(2/20). Is (-9)/(c/(150/(-9))) a multiple of 29?
False
Suppose -772 = -5*m - 4*j, 2*m - 3*j = j + 292. Suppose z + 21 + 59 = t, 2*t - m = -2*z. Is 26 a factor of t?
True
Let c(m) = m**2 - 6*m - 7. Let l be c(-7). Suppose l = u + 2*u. Suppose -3*h = 10 - u. Does 6 divide h?
True
Let v = 42 - -10. Does 13 divide v?
True
Let v = -2 + 3. Let s be 5*v/5*-38. Let h = -21 - s. Is 16 a factor of h?
False
Let m(d) = d**2 - d. Let t be m(1). Suppose -9 = -4*s + f, -5*f = -t*s - 2*s - 9. Suppose -s = -5*q + 37. Does 4 divide q?
True
Is 27 a factor of -7*(3 - 22)*1?
False
Let c = 110 + -63. Let i = c + -17. Is i a multiple of 15?
True
Suppose -g = -3*g + 52. Is g a multiple of 26?
True
Let r(f) = f + 6. Let h be r(-7). Does 17 divide (h - -22*1)/1?
False
Suppose -80 = 6*l - 2*l + 4*u, 3*u = -5*l - 90. Does 4 divide (-24)/15*l/6?
True
Is (8/10 - 4)/((-2)/130) a multiple of 16?
True
Suppose 5*g + 10 = -10. Let p be 138/g*70/(-15). Suppose -5*t + p = 2*w, -4*w + 158 = 5*t - 3*w. Is t a multiple of 15?
False
Let z be ((-6)/(-3))/((-1)/1). Let c = 5 - z. Is 3 a factor of 74/14 - 2/c?
False
Let f = -105 + 178. Does 13 divide f?
False
Let x be (-3)/(9/3) - 9. Is 4 a factor of 1/(((-6)/x)/3)?
False
Suppose -39 - 12 = -3*m. Let i = -7 + m. Is 1/5 - (-188)/i a multiple of 13?
False
Let c(r) be the third derivative of -r**5/60 - 11*r**4/12 - 13*r**3/3 - 9*r**2. Is 16 a factor of c(-12)?
False
Let c = 5 - 1. Suppose -5*j - c*o + 92 = 0, j - 52 = -2*j - 4*o. Is 4 a factor of j?
True
Suppose -3*p = 3, 2*p + 5 = s + p. Let z = 79 - s. Is 25 a factor of z?
True
Let m(r) = -r**2 - 10*r - 5. Let d be m(-8). Is 2 a factor of d/(2*1/2)?
False
Let x(q) = -11*q + 3. Suppose -5*t = -t + 12. Is x(t) a multiple of 12?
True
Let x(d) = -d**3 + 5*d**2 + 5*d + 5. Let o(g) = -10*g - 8. Let p(n) = 7*n + 5. Let c(f) = -5*o(f) - 7*p(f). Let a be c(0). Does 15 divide x(a)?
True
Let v(q) = -11*q - 2. Let a be v(2). Let c = 64 + a. Does 6 divide 8/12 + c/3?
False
Let g(v) = -v - 1. Is 3 a factor of g(-10)?
True
Suppose 0 = 3*p - 0*p - 5*w - 19, -p = 2*w + 1. Suppose 0*x + 2*x - 3*b - 8 = 0, -2*x = b - 24. Suppose 0 = -4*f + p*f + 5*o + 8, -x = -5*f - 5*o. Is f even?
False
Suppose 0 = -5*m + 311 - 26. Suppose -4*p + 4*h + 42 = 2*h, 2*h - m = -5*p. Is 5 a factor of p?
False
Let b = 2 - 2. Let f = 2 + -3. Is f + (b + -1 - -34) a multiple of 16?
True
Let x(n) = 4*n - 6. Let w = 25 + -11. Suppose -2*u + 1 = z - 5, 3*u - w = z. Does 10 divide x(u)?
True
Suppose 0 = -k + 3*k - 4. Suppose k*w = 2*a + 88, w - 250 = -4*w - 5*a. Is 13 a factor of w?
False
Suppose 0 = 5*o + 4*u + 356, 0 = -5*o - 3*u + u - 358. Let n = -129 - o. Let r = n - -87. Does 18 divide r?
False
Suppose -5*j + 5*y + 45 = 0, 9 + 11 = -5*y. Suppose -i - 1 = -j. Suppose 5*a = 0, u - a - 130 = -i*u. Is 13 a factor of u?
True
Suppose -54 = -4*s - 2*s. Does 2 divide s?
False
Suppose -2*n - 8 = -3*b + 4, -4*n = -4*b + 16. Suppose l - b - 1 = 0. Suppose l*p - 100 = p. Is p a multiple of 11?
False
Suppose 2*o - 15 = 17. Is 16 a factor of o?
True
Let x(b) = b**2 + b - 1. Let n(t) = -11*t**2 - 9*t + 5. Let w(o) = -n(o) - 6*x(o). Does 9 divide w(-2)?
False
Let z(c) = 97*c**2 + c - 2. Suppose 5*j + 13 = -2*b, 2*b + 4 = -3*b - 3*j. Is 32 a factor of z(b)?
True
Suppose 0 = 4*v - 12, -2*o + 80 = -3*o - 4*v. Let n = o - -142. Suppose -40 = 2*r - 5*r + 4*k, n = 2*r + 2*k. Does 19 divide r?
False
Let u(t) = -t**3 - 4*t**2 + 8*t + 6. Let a be u(-6). Suppose -a = -3*c + c + 4*x, -3*c + x + 45 = 0. Does 8 divide c?
False
Let h(f) = -2*f. Let q be h(3). Is 13 a factor of q/24 + (-258)/(-8)?
False
Suppose 4*l - g = -0 + 22, -5*l + 29 = -2*g. Suppose l*q - 2*j + j - 160 = 0, 5*q + 5*j - 160 = 0. Is q a multiple of 32?
True
Suppose -68 - 37 = -5*g. Let c = g + -8. Is 4 a factor of c?
False
Is 3 a factor of -1*69*(-6 - -3)/9?
False
Let n(w) = 5*w - 1. Let y be n(3). Suppose 2*p = 3*p - y. Is 4 a factor of p?
False
Let u(g) = g**2 - 11*g + 35. Is u(10) a multiple of 25?
True
Suppose -3*i + 72 = -3*p, -5*i = -2*i - p - 68. Is 11 a factor of i?
True
Let t = 23 + -10. Is 13 a factor of t?
True
Let k(w) = -4*w + 7. Let t(z) = -z + 14. Let u be t(11). Suppose -u*q = -6*q - 15. Is 7 a factor of k(q)?
False
Let h be ((-4)/10)/(4/(-10)). Let w be (0 - (-16)/h)*1. Does 8 divide (w/(-10))/(5/(-25))?
True
Let c(h) = 7*h - 4. Is 10 a factor of c(2)?
True
Let r(o) = -o**3 - 31*o**2 - 31*o + 35. Does 13 divide r(-30)?
True
Suppose 5*i - 2*d = 2, -6*i + 5*d + 5 = -i. Suppose -5*r + 350 = -i*r. Does 12 divide r?
False
Let d be 0/(-1) - (-14)/(-2). Let x be 1/(-2 + d/(-3)). Does 8 divide (2 - x)/(3/(-69))?
False
Suppose -a - m = -4*m - 3, -m - 29 = -5*a. Suppose 4*f + 0*l = l + 27, 0 = -2*f - 2*l + a. Is 5 a factor of f?
False
Let g = 4 - 3. Let h(a) = 51*a**2 + 2*a - 1. Does 20 divide h(g)?
False
Let v(a) = 13*a +